{"id":43,"date":"2023-11-28T10:40:46","date_gmt":"2023-11-28T10:40:46","guid":{"rendered":"https:\/\/jana-katja.e-commerce-uebungsplattform.de\/index.php\/widerrufsbelehrung\/"},"modified":"2024-08-22T09:59:10","modified_gmt":"2024-08-22T09:59:10","slug":"widerrufsbelehrung","status":"publish","type":"page","link":"https:\/\/jana-katja.e-commerce-uebungsplattform.de\/index.php\/widerrufsbelehrung\/","title":{"rendered":"Widerrufsbelehrung"},"content":{"rendered":"<p>Widerrufsrecht<br \/>\nDu hast das Recht, binnen 14 Tagen ohne Angabe von Gr\u00fcnden diesen Vertrag zu widerrufen.<\/p>\n<p>Die Widerrufsfrist betr\u00e4gt 14 Tage ab dem Tag,<\/p>\n<p>an dem du oder ein von dir benannter Dritter, der nicht der Bef\u00f6rderer ist, die Waren in Besitz genommen hast bzw. hat, sofern du eine oder mehrere Waren im Rahmen einer einheitlichen Bestellung bestellt hast und diese einheitlich geliefert wird bzw. werden;<br \/>\nan dem du oder ein von dir benannter Dritter, der nicht der Bef\u00f6rderer ist, die letzte Ware in Besitz genommen hast bzw. hat, sofern du mehrere Waren im Rahmen einer einheitlichen Bestellung bestellt hast und diese getrennt geliefert werden.<br \/>\nUm dein Widerrufsrecht auszu\u00fcben, musst du uns,<\/p>\n<p>Herzst\u00fcck<br \/>\nInhaberin: Katja Klippel<br \/>\nMusterstra\u00dfe 12<br \/>\n12345 Musterstadt<br \/>\nE-Mail: myfirstsecondhand@ecow.dev<\/p>\n<p>mittels einer eindeutigen Erkl\u00e4rung (z. B. ein mit der Post versandter Brief oder E-Mail) \u00fcber deinen Entschluss, diesen Vertrag zu widerrufen, informieren. Du kannst daf\u00fcr das beigef\u00fcgte Muster-Widerrufsformular verwenden, das jedoch nicht vorgeschrieben ist.<\/p>\n<p>Zur Wahrung der Widerrufsfrist reicht es aus, dass du die Mitteilung \u00fcber die Aus\u00fcbung des Widerrufsrechts vor Ablauf der Widerrufsfrist absendest.<\/p>\n<p>Folgen des Widerrufs<br \/>\nWenn du diesen Vertrag widerrufst, haben wir dir alle Zahlungen, die wir von dir erhalten haben, einschlie\u00dflich der Lieferkosten (mit Ausnahme der zus\u00e4tzlichen Kosten, die sich daraus ergeben, dass du eine andere Art der Lieferung als die von uns angebotene, g\u00fcnstigste Standardlieferung gew\u00e4hlt hast), unverz\u00fcglich und sp\u00e4testens binnen 14 Tagen ab dem Tag zur\u00fcckzuzahlen, an dem die Mitteilung \u00fcber deinen Widerruf dieses Vertrags bei uns eingegangen ist. F\u00fcr diese R\u00fcckzahlung verwenden wir dasselbe Zahlungsmittel, das du bei der urspr\u00fcnglichen Transaktion eingesetzt hast, es sei denn, mit dir wurde ausdr\u00fccklich etwas anderes vereinbart; in keinem Fall werden dir wegen dieser R\u00fcckzahlung Entgelte berechnet.<\/p>\n<p>Wir k\u00f6nnen die R\u00fcckzahlung verweigern, bis wir die Waren wieder zur\u00fcckerhalten haben oder bis du den Nachweis erbracht hast, dass du die Waren zur\u00fcckgesandt hast, je nachdem, welches der fr\u00fchere Zeitpunkt ist.<\/p>\n<p>Du hast die Waren unverz\u00fcglich und in jedem Fall sp\u00e4testens binnen 14 Tagen ab dem Tag, an dem du uns \u00fcber den Widerruf dieses Vertrags unterrichtest, an uns zur\u00fcckzusenden oder zu \u00fcbergeben. Die Frist ist gewahrt, wenn du die Waren vor Ablauf der Frist von 14 Tagen absendest.<\/p>\n<p>Du tr\u00e4gst die unmittelbaren Kosten der R\u00fccksendung der Waren.<\/p>\n<p>Du musst f\u00fcr einen etwaigen Wertverlust der Waren nur aufkommen, wenn dieser Wertverlust auf einen zur Pr\u00fcfung der Beschaffenheit, Eigenschaften und Funktionsweise der Waren nicht notwendigen Umgang mit ihnen zur\u00fcckzuf\u00fchren ist.<\/p>\n<p>Muster-Widerrufsformular<br \/>\n(Wenn du den Vertrag widerrufen willst, dann f\u00fclle bitte dieses Formular aus und sende es zur\u00fcck.)<\/p>\n<p>An:<br \/>\nHerzst\u00fcck<br \/>\nKatja Klippel<br \/>\nMusterstra\u00dfe 12<br \/>\n12345 Musterstadt<br \/>\nE-Mail: myfirstsecondhand@ecow.dev<\/p>\n<p>Hiermit widerrufe ich den von mir abgeschlossenen Vertrag \u00fcber den Kauf der folgenden Waren:<br \/>\n[Bitte Warenbezeichnung hier eintragen]<\/p>\n<p>Bestellt am: [Datum] \/ erhalten am: [Datum]<\/p>\n<p>Name des Verbrauchers: [Dein Name]<\/p>\n<p>Anschrift des Verbrauchers: [Deine Adresse]<\/p>\n<p>Unterschrift des Verbrauchers (nur bei Mitteilung auf Papier)<\/p>\n<p>Datum: [Datum]<\/p>\n","protected":false},"excerpt":{"rendered":"<p>Widerrufsrecht Du hast das Recht, binnen 14 Tagen ohne Angabe von Gr\u00fcnden diesen Vertrag zu widerrufen. Die Widerrufsfrist betr\u00e4gt 14 Tage ab dem Tag, an dem du oder ein von dir benannter Dritter, der nicht der Bef\u00f6rderer ist, die Waren in Besitz genommen hast bzw. hat, sofern du eine oder mehrere Waren im Rahmen einer &hellip; <\/p>\n","protected":false},"author":1,"featured_media":0,"parent":0,"menu_order":0,"comment_status":"closed","ping_status":"closed","template":"","meta":{"footnotes":""},"class_list":["post-43","page","type-page","status-publish","hentry","latest_post"],"_links":{"self":[{"href":"https:\/\/jana-katja.e-commerce-uebungsplattform.de\/index.php\/wp-json\/wp\/v2\/pages\/43","targetHints":{"allow":["GET"]}}],"collection":[{"href":"https:\/\/jana-katja.e-commerce-uebungsplattform.de\/index.php\/wp-json\/wp\/v2\/pages"}],"about":[{"href":"https:\/\/jana-katja.e-commerce-uebungsplattform.de\/index.php\/wp-json\/wp\/v2\/types\/page"}],"author":[{"embeddable":true,"href":"https:\/\/jana-katja.e-commerce-uebungsplattform.de\/index.php\/wp-json\/wp\/v2\/users\/1"}],"replies":[{"embeddable":true,"href":"https:\/\/jana-katja.e-commerce-uebungsplattform.de\/index.php\/wp-json\/wp\/v2\/comments?post=43"}],"version-history":[{"count":1,"href":"https:\/\/jana-katja.e-commerce-uebungsplattform.de\/index.php\/wp-json\/wp\/v2\/pages\/43\/revisions"}],"predecessor-version":[{"id":163,"href":"https:\/\/jana-katja.e-commerce-uebungsplattform.de\/index.php\/wp-json\/wp\/v2\/pages\/43\/revisions\/163"}],"wp:attachment":[{"href":"https:\/\/jana-katja.e-commerce-uebungsplattform.de\/index.php\/wp-json\/wp\/v2\/media?parent=43"}],"curies":[{"name":"wp","href":"https:\/\/api.w.org\/{rel}","templated":true}]}}