{"id":39,"date":"2023-11-28T10:40:45","date_gmt":"2023-11-28T10:40:45","guid":{"rendered":"https:\/\/jana-katja.e-commerce-uebungsplattform.de\/index.php\/datenschutzerklaerung\/"},"modified":"2024-08-22T09:51:24","modified_gmt":"2024-08-22T09:51:24","slug":"datenschutzerklaerung","status":"publish","type":"page","link":"https:\/\/jana-katja.e-commerce-uebungsplattform.de\/index.php\/datenschutzerklaerung\/","title":{"rendered":"Datenschutzerkl\u00e4rung"},"content":{"rendered":"<p>Verantwortliche Stelle im Sinne der Datenschutzgesetze:<br \/>\nKatja Klippel<br \/>\nHerzst\u00fcck<br \/>\nMusterstra\u00dfe 12<br \/>\n12345 Beispielstadt<br \/>\nDeutschland<br \/>\nE-Mail: info@herzstueck-shop.de<br \/>\nTelefon: +49 123 4567890<\/p>\n<p>1. Allgemeines<br \/>\nWir bei Herzst\u00fcck nehmen den Schutz Ihrer pers\u00f6nlichen Daten sehr ernst. Wir behandeln Ihre personenbezogenen Daten vertraulich und entsprechend den gesetzlichen Datenschutzvorschriften sowie dieser Datenschutzerkl\u00e4rung. Mit der Nutzung unserer Website stimmen Sie der Erhebung, Verarbeitung und Nutzung von Daten gem\u00e4\u00df dieser Erkl\u00e4rung zu.<\/p>\n<p>2. Erhebung und Verarbeitung personenbezogener Daten<br \/>\nPersonenbezogene Daten werden nur erhoben, wenn Sie uns diese im Rahmen Ihrer Bestellung, bei Er\u00f6ffnung eines Kundenkontos oder bei der Registrierung f\u00fcr unseren Newsletter freiwillig mitteilen. Zu den personenbezogenen Daten geh\u00f6ren beispielsweise Ihr Name, Ihre Adresse, E-Mail-Adresse und Telefonnummer.<\/p>\n<p>3. Nutzung Ihrer Daten<br \/>\nDie von Ihnen zur Verf\u00fcgung gestellten personenbezogenen Daten verwenden wir ausschlie\u00dflich zur Erf\u00fcllung und Abwicklung Ihrer Bestellung, f\u00fcr die technische Administration der Website und zur Bereitstellung von Informationen, die Sie angefordert haben. Ihre Daten werden ohne Ihre ausdr\u00fcckliche Zustimmung nicht an Dritte weitergegeben, es sei denn, dies ist zur Vertragsabwicklung erforderlich oder wir sind gesetzlich dazu verpflichtet.<\/p>\n<p>4. Cookies<br \/>\nUnsere Website verwendet Cookies, um die Nutzung bestimmter Funktionen zu erm\u00f6glichen und um den Besuch unserer Website attraktiver zu gestalten. Cookies sind kleine Textdateien, die auf Ihrem Endger\u00e4t abgelegt werden. Einige der von uns verwendeten Cookies werden nach dem Ende der Browser-Sitzung gel\u00f6scht, andere bleiben auf Ihrem Endger\u00e4t gespeichert und erm\u00f6glichen uns, Ihren Browser beim n\u00e4chsten Besuch wiederzuerkennen. Sie k\u00f6nnen Ihren Browser so einstellen, dass Sie \u00fcber das Setzen von Cookies informiert werden und im Einzelfall \u00fcber deren Annahme entscheiden oder die Annahme von Cookies f\u00fcr bestimmte F\u00e4lle oder generell ausschlie\u00dfen. Bei der Nichtannahme von Cookies kann die Funktionalit\u00e4t unserer Website eingeschr\u00e4nkt sein.<\/p>\n<p>5. Google Analytics<br \/>\nDiese Website benutzt Google Analytics, einen Webanalysedienst der Google Inc. (\u201eGoogle\u201c). Google Analytics verwendet Cookies, die eine Analyse der Benutzung der Website durch Sie erm\u00f6glichen. Die durch den Cookie erzeugten Informationen \u00fcber Ihre Benutzung dieser Website werden in der Regel an einen Server von Google in den USA \u00fcbertragen und dort gespeichert. Im Falle der Aktivierung der IP-Anonymisierung auf dieser Website, wird Ihre IP-Adresse von Google jedoch innerhalb von Mitgliedstaaten der Europ\u00e4ischen Union oder in anderen Vertragsstaaten des Abkommens \u00fcber den Europ\u00e4ischen Wirtschaftsraum zuvor gek\u00fcrzt. Nur in Ausnahmef\u00e4llen wird die volle IP-Adresse an einen Server von Google in den USA \u00fcbertragen und dort gek\u00fcrzt. Im Auftrag des Betreibers dieser Website wird Google diese Informationen benutzen, um Ihre Nutzung der Website auszuwerten, um Reports \u00fcber die Websiteaktivit\u00e4ten zusammenzustellen und um weitere mit der Websitenutzung und der Internetnutzung verbundene Dienstleistungen gegen\u00fcber dem Websitebetreiber zu erbringen.<\/p>\n<p>6. Ihre Rechte<br \/>\nSie haben jederzeit das Recht auf unentgeltliche Auskunft \u00fcber Ihre gespeicherten personenbezogenen Daten, deren Herkunft und Empf\u00e4nger sowie den Zweck der Datenverarbeitung. Au\u00dferdem haben Sie das Recht auf Berichtigung, Sperrung oder L\u00f6schung dieser Daten. Hierzu sowie zu weiteren Fragen zum Thema personenbezogene Daten k\u00f6nnen Sie sich jederzeit unter der oben angegebenen Adresse an uns wenden.<\/p>\n<p>7. \u00c4nderungen dieser Datenschutzerkl\u00e4rung<br \/>\nWir behalten uns vor, diese Datenschutzerkl\u00e4rung gelegentlich anzupassen, damit sie stets den aktuellen rechtlichen Anforderungen entspricht oder um \u00c4nderungen unserer Leistungen in der Datenschutzerkl\u00e4rung umzusetzen. F\u00fcr Ihren erneuten Besuch gilt dann die neue Datenschutzerkl\u00e4rung.<\/p>\n<p>8. Kontakt<br \/>\nBei Fragen zur Erhebung, Verarbeitung oder Nutzung Ihrer personenbezogenen Daten, bei Ausk\u00fcnften, Berichtigung, Sperrung oder L\u00f6schung von Daten sowie Widerruf erteilter Einwilligungen wenden Sie sich bitte an:<br \/>\nKatja Klippel<br \/>\nMusterstra\u00dfe 12<br \/>\n12345 Beispielstadt<br \/>\nDeutschland<br \/>\nE-Mail: info@herzstueck-shop.de<br \/>\nTelefon: +49 123 4567890<\/p>\n<p>Vielen Dank f\u00fcr Ihr Vertrauen in Herzst\u00fcck!<\/p>\n","protected":false},"excerpt":{"rendered":"<p>Verantwortliche Stelle im Sinne der Datenschutzgesetze: Katja Klippel Herzst\u00fcck Musterstra\u00dfe 12 12345 Beispielstadt Deutschland E-Mail: info@herzstueck-shop.de Telefon: +49 123 4567890 1. Allgemeines Wir bei Herzst\u00fcck nehmen den Schutz Ihrer pers\u00f6nlichen Daten sehr ernst. Wir behandeln Ihre personenbezogenen Daten vertraulich und entsprechend den gesetzlichen Datenschutzvorschriften sowie dieser Datenschutzerkl\u00e4rung. Mit der Nutzung unserer Website stimmen Sie der &hellip; <\/p>\n","protected":false},"author":1,"featured_media":0,"parent":0,"menu_order":0,"comment_status":"closed","ping_status":"closed","template":"","meta":{"footnotes":""},"class_list":["post-39","page","type-page","status-publish","hentry","latest_post"],"_links":{"self":[{"href":"https:\/\/jana-katja.e-commerce-uebungsplattform.de\/index.php\/wp-json\/wp\/v2\/pages\/39","targetHints":{"allow":["GET"]}}],"collection":[{"href":"https:\/\/jana-katja.e-commerce-uebungsplattform.de\/index.php\/wp-json\/wp\/v2\/pages"}],"about":[{"href":"https:\/\/jana-katja.e-commerce-uebungsplattform.de\/index.php\/wp-json\/wp\/v2\/types\/page"}],"author":[{"embeddable":true,"href":"https:\/\/jana-katja.e-commerce-uebungsplattform.de\/index.php\/wp-json\/wp\/v2\/users\/1"}],"replies":[{"embeddable":true,"href":"https:\/\/jana-katja.e-commerce-uebungsplattform.de\/index.php\/wp-json\/wp\/v2\/comments?post=39"}],"version-history":[{"count":1,"href":"https:\/\/jana-katja.e-commerce-uebungsplattform.de\/index.php\/wp-json\/wp\/v2\/pages\/39\/revisions"}],"predecessor-version":[{"id":156,"href":"https:\/\/jana-katja.e-commerce-uebungsplattform.de\/index.php\/wp-json\/wp\/v2\/pages\/39\/revisions\/156"}],"wp:attachment":[{"href":"https:\/\/jana-katja.e-commerce-uebungsplattform.de\/index.php\/wp-json\/wp\/v2\/media?parent=39"}],"curies":[{"name":"wp","href":"https:\/\/api.w.org\/{rel}","templated":true}]}}